10.
1347678
Convert 2013130300 (base 4) to base 16.
87730
What is -4993b1 (base 12) in base 14?
-232885
What is 2775243 (base 9) in base 6?
52412450
What is -2005463 (base 7) in base 2?
-111001111011000110
Convert 1032aa (base 13) to base 16.
5c5fa
10211202201001 (base 3) to base 8
7625113
254f (base 16) to base 2
10010101001111
Convert 531690 (base 10) to base 7.
4343055
-129a6a (base 11) to base 6
-4210330
Convert -74171404 (base 8) to base 7.
-251135320
92848 (base 12) to base 16
2eb38
What is -141898 (base 13) in base 2?
-1110111011011111011
-413883 (base 10) to base 2
-1100101000010111011
Convert 12204034 (base 5) to base 6.
2253412
What is -2233943 (base 11) in base 13?
-a70852
-2bb985 (base 12) to base 4
-2312022311
What is -259672 (base 10) in base 16?
-3f658
What is 34020 (base 9) in base 5?
1210432
1001100201 (base 4) to base 3
111120122220
1201011111 (base 3) to base 12
17587
67356206 (base 8) to base 12
4a52372
5288107 (base 9) to base 6
140423011
-3232133301 (base 4) to base 7
-11206023
Convert 13220a (base 13) to base 14.
c039c
What is 47a642 (base 11) in base 5?
143321043
11101010001010011111 (base 2) to base 3
1210201200112
-11120112002221 (base 3) to base 12
-992bba
What is 11021122202211 (base 3) in base 16?
22bc94
What is -111631052 (base 7) in base 6?
-402020122
What is -100000011001010010 (base 2) in base 10?
-132690
5551812 (base 10) to base 11
3152182
Convert 33529 (base 13) to base 6.
1555134
329a7 (base 14) to base 13
43a95
What is -34336521 (base 7) in base 6?
-144154143
What is 260131 (base 8) in base 10?
90201
What is 2210122201 (base 3) in base 14?
16157
-11212101020 (base 3) to base 12
-47513
1844427 (base 9) to base 5
231031332
What is -3202311321 (base 4) in base 10?
-929145
What is 112020211 (base 3) in base 15?
312a
-220102202001100 (base 3) to base 5
-11311020323
Convert -27ab45 (base 12) to base 8.
-2414345
-4124224 (base 6) to base 11
-12579a
Convert 5323a9 (base 12) to base 4.
10333322301
12414a (base 11) to base 15
3d057
What is -4194c (base 15) in base 6?
-4242500
What is -3033301220 (base 4) in base 5?
-204213143
What is 7270577 (base 8) in base 14?
3832c7
What is 63056a (base 11) in base 14?
1c459c
Convert -714732 (base 13) to base 4.
-22003330320
What is -471cbc (base 14) in base 16?
-25027e
Convert 4a90607 (base 12) to base 7.
235160116
Convert 1218815 (base 11) to base 7.
24006400
What is -42035211 (base 6) in base 11?
-7621a7
110110100011001010 (base 2) to base 8
664312
-121111211001 (base 3) to base 7
-2522344
Convert -22434300 (base 7) to base 12.
-7a5366
What is 213143221 (base 6) in base 9?
7120704
What is 50225 (base 8) in base 5?
1130004
1002020111010 (base 3) to base 2
10001100100000101111
What is -4005164 (base 7) in base 2?
-1110011010101010110
Convert c7652 (base 13) to base 5.
42443232
Convert 11000210102101 (base 3) to base 15.
2c473a
Convert b8ac39 (base 13) to base 9.
8138818
28c07 (base 16) to base 6
3324435
What is -3051653 (base 7) in base 16?
-5943b
Convert -110011100000000 (base 2) to base 9.
-40147
What is -11120121011222 (base 3) in base 11?
-1411893
-2120010022 (base 3) to base 14
-14514
1001000100001100010 (base 2) to base 7
2345026
6543606 (base 8) to base 11
a99628
Convert 101221100001 (base 3) to base 15.
43bd4
What is -21243214 (base 5) in base 11?
-11403a
Convert -1011010010101110100 (base 2) to base 9.
-623531
What is -911b3 (base 13) in base 12?
-106261
Convert 678674 (base 9) to base 11.
258542
What is 3253340 (base 7) in base 11?
253398
What is 1111001011111000000 (base 2) in base 8?
1713700
What is -10001111111011101111 (base 2) in base 13?
-178461
-2102212202 (base 3) to base 2
-1011101110011010
What is -ae0d9 (base 15) in base 6?
-15511240
Convert -3861a0 (base 15) to base 13.
-73886a
What is d25c70 (base 16) in base 4?
310211301300
What is 27943 (base 16) in base 9?
266337
-22134026 (base 8) to base 5
-2210000333
What is -202101233012 (base 4) in base 14?
-129c886
Convert -7330421 (base 8) to base 7.
-22353046
-2262652 (base 7) to base 12
-118667
Convert 7b5058 (base 13) to base 16.
2c9ef8
Convert -351963 (base 13) to base 9.
-2331046
Convert -3202043322 (base 5) to base 8.
-31354625
What is 68a851 (base 11) in base 13?
2c5889
Convert 3a31324 (base 11) to base 10.
6970836
-2578805 (base 9) to base 8
-5302753
Convert 44124615 (base 7) to base 12.
13281b3
What is 5cc849 (base 13) in base 2?
1000011111101100011110
What is 1005072 (base 9) in base 4?
2002221233
10d94c (base 14) to base 12
238b40
3412232414 (base 5) to base 14
1003a06
Convert 1020120011002 (base 3) to base 14.
132a48
What is 825147 (base 9) in base 2?
1110111011101000011
What is 101001010101010100 (base 2) in base 3?
22121020101
2a27 (base 14) to base 8
16473
1213020030 (base 4) to base 2
1100111001000001100
2113321210 (base 4) to base 14
122a56
-111314212 (base 5) to base 16
-78d54
What is -3897a (base 11) in base 10?
-55747
What is -7d3458 (base 16) in base 12?
-28b85b4
-c6068 (base 13) to base 3
-200002100012
What is 1110001110011110010011 (base 2) in base 3?
21000110122012
What is -14b896 (base 12) in base 8?
-1257462
What is 1001110001111001101001 (base 2) in base 3?
11211020201110
28d71 (base 14) to base 10
101431
Convert 10202210020102 (base 3) to base 13.
551ba9
1036400 (base 7) to base 12
61682
What is -5100543 (base 6) in base 3?
-110020221200
Convert -1a0c2 (base 16) to base 3.
-12102100111
Convert -221301104 (base 5) to base 6.
-32344422
101202630 (base 7) to base 15
7bd310
2432221042 (base 5) to base 9
11721514
Convert -101000010000111 (base 2) to base 3.
-1001021112
What is -9488b (base 12) in base 4?
-233203223
What is -140481 (base 10) in base 13?
-4bc33
-10536041 (base 7) to base 10
-916868
-851d (base 14) to base 6
-254143
Convert 352204443 (base 6) to base 12.
2239723
-25151605 (base 7) to base 4
-20220323101
What is -1100421 (base 6) in base 9?
-82784
29d5e (base 15) to base 5
13302024
218487 (base 9) to base 4
133331032
-1276336 (base 8) to base 9
-607306
What is 44340 (base 6) in base 9?
8426
310311131 (base 4) to base 14
58c21
Convert 3551302 (base 6) to base 12.
8b532
30042313 (base 7) to base 6
125102244
Convert -2a391 (base 12) to base 6.
-1134301
Convert 411530141 (base 6) to base 8.
33023415
What is 70a2 (base 13) in base 4?
3302113
Convert 131a33 (base 12) to base 13.
b005b
What is 11011111101110001 (base 2) in base 15?
23e15
Convert -100244233 (base 5) to base 4.
-1201221013
Convert 149596 (base 10) to base 9.
247177
Convert 1101000100010100111 (base 2) to base 15.
86d19
-20221122002 (base 3) to base 12
-671a8
Convert 1110130200 (base 4) to base 15.
6c743
Convert 507212 (base 10) to base 11.
317092
Convert 891ab8 (base 13) to base 11.
1907905
-466012 (base 8) to base 10
-158730
Convert 8ee39 (base 15) to base 4.
1233030132
-20021431 (base 5) to base 9
-260337
What is -213534362 (base 7) in base 13?
-2861813
Convert -2987b51 (base 12) to base 9.
-16708357
917e55 (base 15) to base 2
11010010111011101101111
What is 3527fc (base 16) in base 15?
48c2ce
What is -13712337 (base 9) in base 3?
-110210102101021
What is -85220 (base 10) in base 15?
-1a3b5
-680640 (base 9) to base 8
-1433410
-3a672 (base 16) to base 8
-723162
What is 8368a0 (base 11) in base 3?
2112011001022
What is 12150221 (base 6) in base 8?
1365005
Convert 12022002020 (base 3) to base 9.
168066
What is 2521111 (base 6) in base 8?
407603
What is -12331400 (base 5) in base 14?
-32082
What is 55bcf0 (base 16) in base 7?
65521500
12ab14 (base 12) to base 16
4b7c0
What is 2161654 (base 7) in base 3?
111120111211
What is -24053521 (base 8) in base 14?
-9b0b61
Convert -100254423 (base 7) to base 14.
-ab4113
Convert 2d64a (base 14) to base 4.
123301102
120212102022 (base 3) to base 11
1a3715
What is 422006 (base 7) in base 14?
1c706
-293a85 (base 11) to base 8
-1600637
a2a66a (base 13) to base 3
21010201012002
259754 (base 10) to base 14
6a93c
What is 35c230 (base 13) in base 15?
1a541a
What is 3d0db (base 14) in base 4?
210321021
Convert 28b9c10 (base 14) to base 16.
12e4be6
What is 252050203 (base 6) in base 2?
10010100010001110011011
What is -6dd9c3 (base 16) in base 10?
-7199171
-45852 (base 11) to base 14
-1a1da
Convert a0585 (base 13) to base 6.
10050404
Convert 373691 (base 10) to base 6.
12002015
ca972 (base